e 6*q + 46 - 48 = 82. What is the greatest common divisor of 29176 and q?
14
Suppose 204 + 576 = 12*h. Let d(s) = -s**2 + 13*s + 165. Let a be d(16). Calculate the highest common factor of h and a.
13
Let p = 86 - 86. Suppose 4*n = -5*r + 4, -4*r + 28 = -p*r - 3*n. What is the greatest common factor of 18 and r?
2
Suppose -2*n + 98 = 4*d - 7*d, 0 = -3*n - 2*d + 160. Suppose -2*t + n = m + 2, 0 = 4*t - 3*m - 80. Calculate the greatest common divisor of t and 230.
23
Suppose 16*v - 1296 = 1824. Let k be (-6)/1 + -1 + v. What is the highest common factor of 8 and k?
4
Let c(u) = 93*u - 280. Let v be c(4). Calculate the highest common divisor of 5612 and v.
92
Let f = 142347 - 142323. Let b = -67 - -139. What is the highest common factor of f and b?
24
Suppose -10812 = -75*j + 15588. Let s be (1/2)/(2/44). Calculate the greatest common factor of s and j.
11
Let g be 46/(-11) - 22/(-121). Let u be (-3)/2 + (-46)/g. Let h be ((-72)/56 - -1)*-14. Calculate the highest common divisor of h and u.
2
Let i be (15 - 1)/(384/184 - 2). Let d be i/(-23) - (-2277)/3. What is the greatest common divisor of d and 47?
47
Let b = -91 + 135. Suppose b*i - 37*i = 273. Calculate the highest common divisor of i and 13.
13
Let x be 6/8 - 153793/(-452). Suppose x - 343 = -2*l. Calculate the highest common divisor of 17 and l.
1
Let g = -108 - -116. Let t = -298 + 324. Calculate the highest common factor of g and t.
2
Let g = 9321 + -2796. Calculate the highest common factor of 522 and g.
261
Suppose 25*x - 27*x + 262 = 0. Let u = x + -94. Calculate the greatest common divisor of u and 296.
37
Let w = -52 + 55. Suppose 5*f = 5*v + 35, -w*f + v + 23 = -v. Let a = 31 - -5. What is the greatest common divisor of f and a?
9
Let y = 41 - 36. Suppose 5 = -4*d + y. Suppose d = 4*k + 3*k - 14. What is the highest common factor of 26 and k?
2
Suppose -3*t - 6 = 0, -5*u + 0*u + 922 = -t. Calculate the highest common divisor of u and 16284.
92
Let l(q) = -q**2 + 14*q + 10. Let x(s) = s**2 + 2*s + 12. Let o be x(0). Let i be l(o). Let a = i - 7. What is the highest common factor of a and 9?
9
Suppose -13 = -2*h - w, -4*w + 22 = 3*h - 0*w. Let v be (-9)/h*2 - -179. Let b = -3954 + 3976. Calculate the highest common factor of b and v.
22
Suppose -90 = 7*l + 1667. Let f = 436 + l. Calculate the highest common factor of f and 5.
5
Let l(q) = 89*q**2 + 32*q + 44. Let a be l(-12). Suppose -18*w + a = -9286. What is the highest common divisor of w and 93?
93
Let n be 62/((-744)/(-450))*(-36)/(-15). Suppose 38 = s - i - i, -i = 4*s - 116. What is the greatest common divisor of n and s?
30
Let a = -13410 + 13575. Let l(w) = -w**3 - 6*w**2 - 2*w + 3. Let f be l(-6). Calculate the greatest common factor of a and f.
15
Suppose 5*u = -5*t + 51365, 4*t + 3*u + 20521 = 6*t. What is the highest common divisor of t and 68?
68
Let r be (-381)/(-6) - (-2)/(-4). Let v be (((-15)/(-20))/(15/(-35)))/((-9)/36). Calculate the greatest common divisor of r and v.
7
Let p be (-1)/(35/20) + (-32)/(-7). Suppose -8*h - b + 439 = -5*h, -2*h = p*b - 286. Let w = -14 + 35. Calculate the highest common factor of h and w.
21
Let p be 3 + 11428 + -11 + -1. What is the highest common factor of p and 57?
19
Let v = 7528 - 5027. What is the greatest common factor of v and 61?
61
Let g = 9920 + -8112. What is the highest common factor of g and 32?
16
Suppose 0*t = -3*t + 171. Let o(n) = -9*n - 3 - t + 34. Let r be o(-8). Calculate the greatest common divisor of 92 and r.
46
Let i = 7671 + -4925. Suppose -i = -20*d + 7254. What is the greatest common factor of d and 50?
50
Let l(q) = -3*q + 56. Let p be l(0). What is the greatest common factor of p and 245?
7
Suppose 2*x - 31 - 11 = 2*n, 0 = -x. Let v be 810/n*(-6)/(18/21). Calculate the greatest common factor of 30 and v.
30
Let v(g) = -2*g + 6. Let a be v(-4). Suppose 4*p = 70 + 75 - 9. What is the highest common divisor of a and p?
2
Suppose 4*b + 0*b - 725 = -t, 5893 = 8*t + b. Calculate the highest common divisor of t and 536.
67
Let f be (4 - 20/8) + -1*438/(-12). Calculate the highest common divisor of f and 779.
19
Let h be 15*(2 - 6/(-15)). Suppose 8*m = 48, 0 = 4*r + 2*m - 682 + 142. What is the highest common divisor of h and r?
12
Let a be (-3)/54*-50 + (-4)/(-18). Let n(s) = 5*s - 13. Let z be n(a). Calculate the greatest common factor of z and 54.
2
Suppose -r - 4*a = -3618, 282*r = 284*r + 5*a - 7242. Calculate the greatest common factor of 98 and r.
98
Suppose -6*c + 12 = 0, 0 = -2*q - 3*c + 1856 + 1478. Calculate the greatest common divisor of q and 65.
13
Suppose -4*i + p = -1141, -4*i + 3*p = -2*i - 563. Suppose -8*n = -45 - 131. Calculate the greatest common factor of n and i.
22
Let i be ((-42)/1)/3 + -1. Let t = 29 + i. Let w be -2 + -12 + (-240)/(-15). What is the highest common divisor of w and t?
2
Let g(x) = -4*x**2 - 143*x - 199. Let l be g(-34). Calculate the greatest common divisor of l and 12.
3
Let x be 9 - -1 - (0 + -5). Let i be 4224/60 + (-6)/x. What is the greatest common divisor of 70 and i?
70
Let l be (122/(-4))/((-29)/12528*12). What is the greatest common factor of l and 610?
122
Suppose 8*i = 10*i - 2*o + 3618, -3*o + 7239 = -4*i. Let l = -862 - i. What is the highest common factor of l and 50?
50
Suppose -3*p + 24 = 0, -4*m + p = -1075 - 8817. Calculate the greatest common factor of 50 and m.
25
Let b be (-2)/(-14) - (9 + 3460/(-35)). Let d be (23/(690/(-54)))/(2/(-250)). Calculate the greatest common divisor of b and d.
45
Let s(q) = 4*q + 106. Let p be s(-21). Suppose c - 2 + 14 = 0. Let l = -1 - c. What is the greatest common divisor of p and l?
11
Suppose 87*s = -250 + 859. Let c(i) = 2*i**2 - 7*i - 9. Let z be c(-6). Let u be (-3)/((-5)/(z/9)). What is the highest common divisor of u and s?
7
Suppose -3*u + 39 = -195. Suppose -5*x + 141 = 2*r, -x - u - 171 = -4*r. Calculate the highest common divisor of 42 and r.
21
Let i = -169 + 293. Let r = i + -120. Suppose -4*y + 80 = -2*f, 0*f = -r*y + 4*f + 88. What is the greatest common divisor of y and 24?
6
Let a = 411 + -141. Let g(z) = -9*z**2 - 49*z + 40. Let m be g(-6). What is the highest common divisor of m and a?
10
Suppose -28*f = -30*f + 124. Let n(b) = b**3 - 10*b**2 - 9. Let h be n(15). What is the greatest common divisor of f and h?
62
Suppose 0 = 4347*t - 4334*t - 200226. What is the highest common factor of t and 102?
102
Let t(s) = -2*s**2 - 12*s - 4. Let g be t(-5). Suppose 4*f = g*x - 3*x + 753, 2*f + x - 389 = 0. Calculate the greatest common factor of 256 and f.
64
Suppose 0 = -2*l + 4*c + 44, 0 = -26*l + 23*l + 4*c + 56. What is the greatest common divisor of 306 and l?
6
Let l(r) = -r**3 + 23*r**2 - 12*r - 151. Let v be l(9). What is the highest common divisor of 7 and v?
7
Suppose -5*t = 49 - 19, -1941 = -c + t. What is the highest common divisor of c and 765?
45
Let t = 315 + -312. Suppose x - 152 = -2*x - 2*g, 5*g = t*x - 187. What is the highest common factor of 81 and x?
27
Let r be -22 + -78*(-235)/30. Calculate the greatest common factor of r and 361.
19
Suppose 30*i = -2276 + 2816. Let s(p) = p**3 + 8*p**2 + 6. Let k be s(-8). What is the greatest common divisor of i and k?
6
Suppose 81705 = 15*t - 5520. Calculate the greatest common divisor of 5 and t.
5
Let u(f) be the third derivative of -23*f**6/30 - f**5/60 + f**4/8 + 2*f**3/3 - 22*f**2. Let n be u(-1). What is the greatest common factor of n and 138?
46
Let k be (915 - -142) + (15 - -1). What is the highest common divisor of k and 232?
29
Suppose -10*p + 273 + 27 = 0. Let m(h) = -h**3 - 4*h**2 - 2*h + 36. Let g be m(-6). What is the highest common divisor of p and g?
30
Suppose 7*u - 35211 - 26829 = -81*u. What is the highest common divisor of u and 75?
15
Let t = -2793 + 3765. Calculate the highest common divisor of 12 and t.
12
Let o(b) = 22*b**2 + 303*b - 612. Let l be o(2). What is the highest common divisor of l and 2993?
41
Suppose -34*n = 4*n - 1900. What is the greatest common divisor of n and 6550?
50
Let d be (-399)/7*2/(-6). Suppose -2470 = -a - 9*a. What is the highest common divisor of a and d?
19
Let f = -6 + 10. Let v be ((-6)/(-15) - (-519)/15)/(-1). Let r be 1/5 - (-7)/v - -4. What is the highest common factor of f and r?
4
Let m = -194 + 418. What is the greatest common fact